187 + -98 + -55 - (1 - 8).
41
Calculate (4 - 0) + (162 - 136) - (-1 - -2 - 0).
29
-63 + -46 + (104 - 65)
-70
Calculate -19 + -7 + (9 - 26).
-43
What is 8 - ((28 - (10 + 1)) + -26)?
17
What is 0 + 1 + (7 - 12 - (-18 - -3)) + -12?
-1
What is -11 + (-8 + 38 + -2 - ((0 - 1) + 9))?
9
What is the value of 12 - 1 - (23 - 1 - (-1941 - -1898))?
-54
Evaluate -11 + (-6 - -49) + -13 + -22.
-3
What is -67 + (-146 - -119) + 117?
23
Evaluate -35 + (-4 + -1 + -8 - -3 - -16).
-29
What is the value of -18 + (-3 + (12 + -3 - 14) - -12)?
-14
(79 - (27 - -70)) + 140
122
(-28 - (-57 + 28) - -8) + 7
16
What is the value of -27 + (23 + 1 - 70)?
-73
What is the value of 44 + (4 - 0 - (44 - (38 + -6))) + 23?
59
What is (2 + 0 - (-69 + 91) - -2) + -3?
-21
Calculate 29 + -34 + 4 + 0 + -7 + 1 + 28.
21
Evaluate (-52 - -56) + (1 - 4) + -1 - (20 + 12).
-32
Calculate 668 - 718 - (-1 - 126).
77
Evaluate (5 - -1) + 9 + (11 - (23 - -11)) + 31.
23
(-27 - (-13 - 4) - -26) + (-176 + 12 - -3)
-145
Evaluate (-13 - (-18 + 40) - -44) + 45 + 0.
54
Evaluate 49 + -53 + 91 - 11.
76
What is -30 + 26 + -4 - (21 + 9)?
-38
What is -55 - (9 - (8 + 14)) - -19?
-23
Evaluate -70 - (-5 - (1 - (-9 - 1) - (14 - 6))).
-62
What is (17 - (92 + -115)) + 102?
142
What is 2 + 3 - 20 - (0 + 0 - 0)?
-15
Calculate (2 - 56) + 69 + -68.
-53
Calculate -11 + 2126 + -1956 + (-37 - 1).
121
Evaluate 2 - -43 - (-298 + 301).
42
Evaluate -12 + 53 + -12 + -23 + -20.
-14
What is 34 + -26 + (26 - 17) + -7 + -68?
-58
What is the value of 0 + 0 + (33 - 71) + 79?
41
What is the value of (14 - (8 - (-3 - -2))) + -10 + 1 - -104?
100
What is (0 - -18) + (-178 - -146 - -72)?
58
Evaluate 67 + -83 - (-9 + 12 - 10).
-9
What is 496 + -438 - (36 - 3)?
25
What is the value of 45 - ((9 - 39) + 75)?
0
-2 + -17 + -69 + 64 + -76
-100
Evaluate 0 + (1 - 8) - (234 - 245 - 5).
9
Evaluate -20 + -14 + 47 + (102 - (22 + -5)).
98
Evaluate 1 - -12 - ((-45 - 52) + 167).
-57
What is the value of 2 + 5 + -16 - -2 - (4 - (-5 + -15))?
-31
What is 11 + 1 + (2 - 1) + 479 + -472?
20
What is the value of -2 - -7 - (78 + -59 - (3 + 16))?
5
Evaluate (74 - 2) + 1 - (1 + -40 + (-1737 - -1770)).
79
(-25 - (-27 - -25) - -11) + (49 - -1)
38
Calculate 0 + -4 + (-19 - (1 - -10 - (283 + -281))).
-32
Calculate (133 + -136 - (-69 + 0)) + -27.
39
-16 + (3 - -81) + -46
22
0 + 23 + (3456 - 3510)
-31
Calculate 68 - -72 - 153 - -120.
107
What is -120 + (12584 - 12579) + (6 - (1 + 0))?
-110
Evaluate (12 - 0) + 3 - ((11 - (18 + -7)) + 7).
8
Calculate (-2 - -1 - 16) + (28 - 34) + 5 + -9.
-27
What is the value of -5 - (31 + (13 - (56 - 41)))?
-34
Evaluate (16 - (7 - 3)) + (1 + -12 - -1) + 13.
15
109 - 94 - 29 - (-1 + 26)
-39
Calculate 0 + -22 - (-1467 - -1428).
17
What is the value of (-4 - (-2 - 0)) + 53 - (590 + -589)?
50
28 - 112 - -38 - -20
-26
Calculate -723 + 785 - (121 - -1).
-60
What is the value of (1 + 5 - (54 + 101 + -77)) + 19?
-53
(7 - 2) + (16 - 25 - -42) + -7
31
Calculate 59 + -19 - (11 + -20 + 20).
29
Calculate 0 + (-2 + 3 + 4 - -44) + 10 + 11.
70
Calculate (104 - (11 - (-9 + 5) - (82 - 57))) + 8.
122
What is the value of 13 - (-1 + (-33 - (-10 - (8 - 8))))?
37
Evaluate -17 - (-15 - 14) - (-33 - (9 + 11)).
65
What is 24 + -22 - 4 - (89 - (18 + -7))?
-80
14 + 18 + -21 + 10 + -7
14
Calculate 7 + (0 + 1 - 17 - ((-21 - -21) + 1)).
-10
Calculate 1998 + -2091 + -12 + -3.
-108
What is (-36 - -20) + 17 - (-4 - -62)?
-57
Evaluate 141 - 145 - (-6 + 1 + -2 + -5 + 54).
-46
Calculate 2 + 3 + -39 + (-53 - -121).
34
What is 1 - (59 + -48) - 30?
-40
Calculate -2 + (3 - 22) - -20 - -10.
9
What is the value of -15 - (-16 + -8 - ((-36 - -15) + 12))?
0
What is the value of (-21 + 8 - (-7 - 15)) + -9?
0
What is the value of (40 - (112 + -61)) + (3 - -30)?
22
Evaluate -5 + -20 + (-121 - -193).
47
Calculate (-166 - -89) + 90 + 71.
84
What is the value of (-12 + (-17 - -12) - 3) + 43?
23
Calculate -12 + -39 + (-71 - -196).
74
Evaluate 2 + -7 - (2544 + -2538).
-11
What is 2 + 0 - 70 - (-25 - (38 - 47))?
-52
What is (-80 - 26) + 107 - (-30 + -1)?
32
What is 19 + -26 + 65 + -102?
-44
Evaluate -4663 - -4700 - (26 - -1).
10
Evaluate -4 + -13 + (8 - (-1 - 4 - -10)).
-14
Calculate 211 + 26 + (-11 - 87).
139
(111 - 136 - (-16 - -2)) + -2 + 76
63
Calculate (500 - 587) + 36 + 33.
-18
Calculate (-13 - (0 - 18) - 14) + -16 + -2.
-27
Evaluate -57 + 91 - (13 + 2) - 81 - (-1 + 6).
-67
What is 38 + -31 + 42 + 2?
51
What is the value of 53 + (7 - 1) + (13 - 2 - 12 - -4)?
62
Evaluate -23 + 11 + -31 + -15 + 16.
-42
What is the value of (-5 - 2) + 0 + -1 + 9 + 0 + -36?
-35
Calculate 2 + 12 + 0 + 768 + -798 - (-2 - -9).
-23
Evaluate (0 - 0) + (-112 - -15) - (49 + (-19 - 20)).
-107
What is -28 + 0 + (-1 - -4) + -34 + 45?
-14
What is the value of (1 - 35) + (-656 - -641)?
-49
Calculate 14 - (-73 + (15 - -2)) - -11.
81
What is -521 + 507 - (29 + 0)?
-43
-2 + (1 + 17 - (73 - 115 - -58)) - -25
25
Evaluate 0 + -116 + (68 - 97 - -29) + 18.
-98
What is the value of -34 + 30 + -44 + 15?
-33
Calculate -71 + 22 + 71 - (-1 + 16).
7
Evaluate 2 + (38 - 55) - 16.
-31
What is the value of 7 - (-14 + 3 + (-44 - (11 + -12 + -2)))?
59
What is 941 - 863 - (-7 - (-4 + 3 - (5 - 9)))?
88
Evaluate -6 + (8 + -2 - (-21 - -29) - -9) + 0.
1
Evaluate 31 + 29 + -43 - 24 - (1 - -50).
-58
What is the value of 26 + (4 - 26) - (56 + -1 + 1 + -1)?
-51
What is 25 + (-45 - (-30 + 14)) + (25 - 1)?
20
-17 - (394 + -257 + 2 + -44)
-112
What is 0 + -9 + (-48 - -94) - -14?
51
What is 10 + 13 + -16 + (18 - (0 + -12))?
37
15 + -8 - (-1 - 6 - (-82 - -65) - -56)
-59
What is the value of (23 - 73) + 61 + (-2 - -1 - -4)?
14
Calculate 8 + 4 - (-20 + 11 - -3 - -66).
-48
What is -357 + 371 - (1 + 6 + -2 + (8 - 6))?
7
What is (24 - 17) + -1 + -9 + 24 + 7 + 2?
30
Evaluate -17 + 20 + -79 + -4 + 23.
-57
What is the value of (-15 - (62 - 97)) + -2 + (15 - 2)?
31
What is the value of 0 - 0 - (-10 + -44 - (6 + -102))?
-42
What is the value of 66 - (194 - 134 - 4)?
10
What is the value of -4 + -2 + (-1 - -13) + -2 - -52?
56
Calculate 67 + -21 + (-10 - -9) + (-11 - 0).
34
What is (-860 - -904) + -36 + 1 - 42?
-33
Calculate (-16 - (35 - 160)) + (-14 - (-2 - -6)).
91
What is the value of -55 - (-35 + 12) - -32 - (2 + -34)?
32
-2 + 11 + -14 - (-7 + (-9 - -6 - -117))
-112
What is the value of -622 + 636 + (21 - 1)?
34
Evaluate 14 + -309 + 83 + 91.
-121
Calculate 112 - 72 - 110 - -141.
71
Calculate -4 + -2 + (103 - 96) + (-2 - -3 - 5).
-3
Calculate -7 + 15 + (-4 - (-109 + 1)) + (67 - 79).
100
Calculate 2 + 1 + (-48 - (1 + -1) - (4169 + -4160)).
-54
Calculate 1 - -35 - (90 + (-175 - -72)).
49
-25 - (83 - (3 - -9) - 27)
-69
What is the value of 2 - (1 - 1) - (71 + 13 + -83 + 35)?
-34
26 - (28 - -14) - ((-3 - -11) + (-1 - 1))
-22
28 + (-6 - 41) - -6
-13
What is (10 - 5 - (36 + 72)) + 27?
-76
Evaluate 37 - 1 - (172 - (7 + 152)).
23
Calculate 12 + (-73 - ((-208 + 211 - (-2 - -2)) + 2)).
-66
What is the value of -9 + (-2 + -32 - (-13 - -13)) + -7 + -3?
-53
Evaluate 38 + 1 - (-470 - -506) - -14.
17
What is -34 - ((-18 - -11) + -2 + 21 - 4)?
-42
What is -4 + ((3 - -29) + -5 - (2 + 6) - 3)?
12
What is 16 + -16 - ((-1 - (-3 - 10)) + -74)?
62
Calculate 327 + -311 + (27 + -10 - 10) + -110.
-87
What is the value of -1 - -1 - (-15 + (-4 - (54 + 54)))?
127
Evaluate (-689 - -703) + (3 - (-59 + -4)).
80
What is -58 + 8 + -57 + 170?
63
What is the value of -44 - (-39 + 13) - (0 + -19)?
1
Calculate 81 + -55 - (7 + 1) - -7.
25
18 + 1 + (-187 - -172) + -60 + -22
-78
Evaluate -117 - 76 - -100 - -140.
47
Evaluate 23 + -57 + -3 + 60.
23
What is (-11 - 12) + 13 - (26 + -25 - (0 - 0))?
-11
What is -121 + (65 - 1) - (1 - 22)?
-36
What is 27 + -25 + (4 - 27) + -2?
-23
What is (-20 - -3) + (181 - 167) - -79?
76
-90 + (217 - (219 + -122))
30
What is the value of (3 - (55 + 8)) + 20?
-40
Evaluate 25 + (27 - 49) - 15.
-12
What is -8 - ((-1 + 0 - -10) + (-66 - 10 - -99))?
-40
Calculate 16 - 13 - (6 + -14) - 23.
-12
Evaluate 36 + (108 - (122 + -41)).
63
What is (-2 - (-1 + 14)) + 62 + -69?
-22
Evaluate 1404 - 1419 - ((-4 + 0 - -53) + -1).
-63
What is the value of 35 + 4 + -10 + -321 + 363?
71
9 - (2 + (0 - (3 - 2 - 9)))
-1
What is 72 + 6 + 3 + 13 + 21 + -35?
80
(12 - (88 + -11)) + (-32 - -29) + (-4 - -9)
-63
Evaluate (-10 - -48) + (4 - (-7 - -15)) - 1.
33
What is the value of -8 + 18 + -36 + 0 + 6